) = u**3 + 2*u**2 - 2*u - 3. Calculate the remainder when p(-2) is divided by 1.
0
Let f(r) = -2*r - 3. Let c be f(-7). Let t = 6 + c. Calculate the remainder when t is divided by 10.
7
Let v(u) = u**3 + 4*u**2 - 7*u. Let f(x) = -4*x**3 - 2*x + 1. Let j be f(1). Suppose -s = -4*s + 57. What is the remainder when s is divided by v(j)?
9
Let m be -47 - 1/(-1)*-2. Let w(k) = 9*k + 4. Let f be w(-3). Let b = f - m. What is the remainder when b is divided by 7?
5
Let t(f) = f**3 - f + 5. Suppose -10 = -y - 4*y. Suppose -y*b + 5*z + 11 = 0, -b = -5*b + 3*z + 15. What is the remainder when t(0) is divided by b?
2
Suppose 10*f + f - 407 = 0. Calculate the remainder when 69 is divided by f.
32
Suppose -3*f + 9 = s, -2*f = -3*s - 5*f + 27. Calculate the remainder when 3*2/4*(-204)/(-9) is divided by s.
7
Suppose 2*u + 14 - 60 = 0. Suppose -4*m + 17 + u = 0. What is the remainder when 28 is divided by m?
8
Suppose 2*c - y + 10 = 40, -3*y = 0. Let f(g) = -g**2 + 11*g - 22. Calculate the remainder when c is divided by f(5).
7
Let h(q) = -q**3 - 3*q**2 - 3*q. Let t be h(-2). Let w(i) = i**3 + 10*i**2 + 15*i + 9. Calculate the remainder when ((-33)/t)/(2/(-4)) is divided by w(-8).
16
Let l be 0/(-2) + 1 + 2. Suppose -5*d + l*m + 14 = -19, 3*m - 39 = -3*d. Calculate the remainder when 26 is divided by d.
8
Calculate the remainder when 55 is divided by 2 + (-85)/(-7) + (-6)/42.
13
Calculate the remainder when ((-10)/10)/(2/(-82)) is divided by 11.
8
What is the remainder when 8 is divided by ((-4)/3)/(8/(-18))?
2
Suppose 0 - 13 = -f. Let a = 0 + f. What is the remainder when a is divided by 4?
1
Let t(g) = 7*g + 1. Calculate the remainder when 86 is divided by t(3).
20
Suppose -24 = 5*t - 4*r, -3*t + t - 6 = 2*r. Calculate the remainder when 77 is divided by 24 - 4/(8/t).
25
Suppose 6 = 6*s - 5*s. Calculate the remainder when 22 is divided by s.
4
Suppose -210 = -3*r - 2*r. Suppose k - 23 = 2*v, -4*v + 3*v = -5*k + 79. Calculate the remainder when r is divided by k.
12
Suppose 3*m = 4*z - 34, -2*m = 3*z - 6*z + 26. Calculate the remainder when z is divided by 7.
3
Suppose 30 + 110 = 5*c. Let j(d) = -d**3 + 5*d**2 - d - 1. Let q be j(5). What is the remainder when c is divided by (-4)/q + 56/6?
8
Let y(r) = 2*r - 10. Let x be y(6). Calculate the remainder when ((-13)/(-3))/(x/30) is divided by 17.
14
Suppose k + 4*i = 2*k - 25, -k = -i - 22. What is the remainder when (4/12)/(2/366) is divided by k?
19
Suppose t - 35 = -10. Let b = t - 15. Suppose 0 = 2*p + 3*p - b. Calculate the remainder when p is divided by 1.
0
Suppose -4*y = -0*y + 72. Let z = -8 - y. What is the remainder when 28 is divided by z?
8
Let b(i) = i**3 + 2*i**2 - 3*i + 1. Calculate the remainder when 76 is divided by b(2).
10
Let t = 5 - 0. Suppose 0 = -0*k + t*k - 250. Calculate the remainder when k is divided by 17.
16
Suppose 8 = -i + 5*i. Suppose 0 = -7*n + i*n + 85. What is the remainder when 66 is divided by n?
15
Calculate the remainder when 21/28 - (-141)/4 is divided by 10.
6
Let j(q) = q**3 - 8*q**2 - 6*q - 4. Let k = 0 + 2. Suppose -x = k*x - 27. Calculate the remainder when j(x) is divided by 8.
7
Suppose 312 = 4*t + 4*b, -4*t + 380 = -4*b + 36. What is the remainder when t is divided by 28?
26
Let h = 32 - 63. Suppose o - 2*o + 11 = 0. Calculate the remainder when (0/(-1) + h)/(-1) is divided by o.
9
Suppose 3*f = z + 35, z = -4*z + 5. What is the remainder when 23 is divided by f?
11
Let h(k) = 2*k**2 - 3*k - 4. Let r be h(-6). Suppose -m + 0*a = -2*a - 34, -3*m + 2*a + r = 0. What is the remainder when m is divided by ((-8)/2 - -16) + 2?
12
Calculate the remainder when 39 is divided by (0 - -15)/((-15)/(-10)).
9
Let z(r) = 6*r - 44. Calculate the remainder when 15 is divided by z(8).
3
Suppose -2*n = -6*n + 124. Let t = n - 7. Calculate the remainder when 95 is divided by t.
23
Let o(v) = 3*v**2 - 4*v. Let c be o(4). Suppose -3*x = x - c. Calculate the remainder when 38 is divided by x.
6
Suppose -3*z + 2*w + 65 = 6*w, 3*w = 3*z - 93. Calculate the remainder when 77 is divided by z.
23
Let n = 15 + -2. What is the remainder when (1*-1)/((-29)/667) is divided by n?
10
Let u = -1 + 3. Suppose -35 = -3*t + 4*g, -t + 3*t + 15 = -5*g. What is the remainder when u - (3/3 - 8) is divided by t?
4
Suppose -3*v + 33 + 0 = 0. What is the remainder when (42 - 0)/((-1)/(-1)) is divided by v?
9
Let x(d) = -d**2 + 4*d + 2. Let o be x(6). Let j = 36 - o. Let p(q) = q**2 - 3*q + 2. What is the remainder when j is divided by p(5)?
10
Calculate the remainder when (1659/(-42))/((-1)/2) is divided by 40.
39
Suppose -3*h = -4*h + 14. Calculate the remainder when 6 is divided by h/6 + (-2)/6.
0
Suppose -6*d + 810 = 9*d. What is the remainder when 211 is divided by d?
49
Suppose 0*k = 3*k - 6. Let v be k/(-4) - 404/(-8). Suppose 5*t - 40 - v = 0. What is the remainder when 52 is divided by t?
16
Let q be ((-3 - -17) + 2)*2. Let m = q - 1. What is the remainder when m is divided by 11?
9
Let n(p) = 3*p**3 + 1. Let m be n(-1). Let a be m/(-2)*(17 - 0). Let y = a + 1. What is the remainder when y is divided by 10?
8
Let t be ((-2)/6)/((-2)/(-12)). Let g(s) = -2*s**2 - 4*s - 2. Let a be g(-2). Calculate the remainder when 2 is divided by (1 + a)/(-3 - t).
0
Let k(y) = -y**3 + 3*y**2 + 6*y - 3. Suppose -6*j + 224 = 10*j. What is the remainder when j is divided by k(4)?
4
What is the remainder when 80/(-2 + 6) + (1 - -2) is divided by 6?
5
Let p(v) = -v**3 - 5*v**2 + 6*v - 4. Let y be p(-6). Let x = 8 + y. Let f = -117 + 123. What is the remainder when f is divided by x?
2
Let b(q) = q**2 + 3*q + 7. What is the remainder when b(-6) is divided by ((-39)/(-12))/(4/16)?
12
Let i(b) = -11*b + 4. Let q = 4 + -7. Calculate the remainder when i(q) is divided by 3 + (-15*1)/((-15)/10).
11
Suppose -50 = -3*c + 1. What is the remainder when c is divided by ((-15)/(-12))/(2/8)?
2
Suppose 4*p + 42 = 7*p. Calculate the remainder when p is divided by 5.
4
Let h be (15/6)/((-1)/(-2)). Let s = 27 - h. Let a = 16 + -8. What is the remainder when s is divided by a?
6
Suppose 2*l - l = 19. Suppose -4*n - c - 2*c = -205, -3*n + 190 = -5*c. What is the remainder when n is divided by l?
17
Suppose -2*r + 0*r = -6. Let u(y) = y**2 - 4*y - 3. Let o be u(5). Suppose -5*t + 22 = o*i - 19, -t = -3*i - 15. What is the remainder when t is divided by r?
0
Let n = -6 + 6. What is the remainder when 19 is divided by n - -1*(1 - -6)?
5
Let k = 5 - 3. Suppose -y + 22 = 2*u, -5*u + 3 = -2*y + k. Suppose 7*t + 41 = 195. What is the remainder when t is divided by y?
10
Suppose -3*t + 12 = 0, -2*f + 4*t + 21 - 3 = 0. Calculate the remainder when 65 is divided by f.
14
Suppose -4*l - 4 = -u, 3*u + 2*u - 20 = -l. Suppose 26 = u*v - 278. What is the remainder when v is divided by 26?
24
Suppose 0 = -5*n - 5*y + 80, 0 = 3*n + y - 11 - 47. What is the remainder when n is divided by 11?
10
Let b be 458/(-8) + 2/8. Let n = b - -80. Calculate the remainder when (952/35)/(4/10) is divided by n.
22
Suppose -d + 10 = 3*q + d, 4*q + 5*d - 25 = 0. Let g = q + 29. What is the remainder when g is divided by 8?
5
Let j = 73 - 66. What is the remainder when 20 is divided by j?
6
Suppose -2*b - 5*s + 9 = -7, -47 = -3*b + 4*s. Calculate the remainder when b is divided by 5.
3
What is the remainder when (-2)/(-14) + (-810)/(-63) is divided by 8?
5
Suppose 4*v + v = 2*y - 40, -v = 4*y - 58. Suppose -b = 2*i + 5, 6*b - b - 35 = 2*i. Let s = 3 + b. What is the remainder when y is divided by s?
7
Let l(b) = -17*b - 6. Let a(v) = -33*v - 11. Let n(h) = 4*a(h) - 7*l(h). Calculate the remainder when n(-1) is divided by 3.
2
Suppose 0 = -4*h + 5*r + 7, 0 = 3*r + 2*r + 15. Let j(d) = 13*d**2 + 2*d + 1. Let w = 35 + -10. Calculate the remainder when j(h) is divided by w.
24
Let i(x) = 20*x - 59. Calculate the remainder when i(6) is divided by 31.
30
Suppose -2*h + 3 = -2*f + f, -4*f + 4*h + 4 = 0. Suppose f*m = 6*m - 7. What is the remainder when m is divided by 5?
2
Let f(g) = -20*g. Let c be f(-1). Suppose 2*q = z + c, -2*q - 4*z + 10 = -q. What is the remainder when 37 is divided by q?
7
Suppose 2 - 6 = -2*i. Suppose 0 = c + 2*r + 1, -2*r - i*r - 38 = -2*c. Suppose n + 1 - 18 = -3*q, 5*q = 3*n + 19. What is the remainder when c is divided by q?
4
Suppose -c = -15 + 9